4/12 - 5*i**3/6 + 4*i**2 + 3*i. Determine h(z).
2
Let t(c) be the third derivative of 0 + 3*c**2 - 1/60*c**5 + 0*c - 1/8*c**4 - 1/6*c**3. Give t(-1).
1
Suppose r = -4*r - 10, -4*y = 4*r + 8. Suppose 2*d = -n + 12, d - 19 - 1 = -4*n. Let f = y + d. Let l(q) = q**3 - 2*q**2 - 5*q - 1. Determine l(f).
11
Let o(x) be the first derivative of 0*x - 1/120*x**5 + 0*x**2 + 1/4*x**4 + x**3 - 3. Let i(h) be the third derivative of o(h). What is i(6)?
0
Let m(a) = -a**2 - a. Let d be m(-2). Let q be 0 + (0 - 6/d). Let t(h) = -h**q - 4*h**2 + 7 + 2*h**2 + 2*h - 3*h**2. What is t(-5)?
-3
Suppose -2*u = u + d - 17, 4*u - 2*d = 26. Let o(r) = -r**2 + 5*r + 7. Determine o(u).
1
Let o = -4 + -2. Let v(l) = 17 + l**2 - 4 + 0 - 4 + 6*l. Determine v(o).
9
Let y = -66 + 73. Let z(j) = j - 9. Determine z(y).
-2
Suppose -3*b - 8 = -2. Let h(u) = -4*u**2 + u - 2. Let r(k) = -3*k**2 + k - 2. Let l(j) = 2*h(j) - 3*r(j). Calculate l(b).
8
Suppose -4*w + 3 = -1. Let m(c) = 5*c + 6. Let i(s) = 4*s + 5. Let p(n) = -6*i(n) + 5*m(n). Calculate p(w).
1
Let m(l) be the third derivative of -l**5/60 - 7*l**4/24 - 3*l**3/2 - 9*l**2. Calculate m(-7).
-9
Suppose k - 39 = -3*k + q, 3*q = -5*k + 36. Let c be (10 - 3) + k/(-3). Let n(i) = i - 5. What is n(c)?
-1
Let d(b) be the first derivative of -b**3/3 + b**2/2 + 6*b - 4. What is d(0)?
6
Let b(u) be the third derivative of -u**2 + 1/12*u**4 + 0*u - 1/30*u**5 + 0 - 1/3*u**3. What is b(2)?
-6
Let v be (8/(-6))/(4/(-18)). Let j(p) = -p + 1. Let l(b) = 7*b - 15. Let z(n) = -6*j(n) - l(n). What is z(v)?
3
Let t(k) be the third derivative of k**6/120 + k**5/20 + k**4/24 - 3*k**2. What is t(-2)?
2
Let p = 119 - 109. Let l(w) = -w**3 + 9*w**2 + 11*w - 6. Determine l(p).
4
Let s(a) be the third derivative of 1/20*a**5 - 1/8*a**4 + 0*a + 1/3*a**3 + 0 - 5*a**2 + 1/120*a**6. Give s(-4).
-2
Let x(l) = -l**3 - 5*l**2 - 4*l - 5. Let i(m) = 2*m - 2. Let z be i(2). Let r = 58 - 47. Suppose 0 = z*h + r - 3. Determine x(h).
-5
Let s(t) = -2*t**2 - 3 + 0*t - 22*t**3 + 5*t + 23*t**3 - 4*t. Suppose 4*h - 8 - 4 = 0. Determine s(h).
9
Suppose 2*y + 6 = -3*y - 2*u, -u + 6 = -2*y. Let m(o) be the second derivative of o**5/20 + o**3/3 - o**2/2 - 37*o. Determine m(y).
-13
Let p(v) = -v**3 + 1 + 2 - 7 + 8*v**2. Let t be p(8). Let a(x) = 2 - x - 1 + x**3 + 4*x**2 + 1. Give a(t).
6
Suppose -4*k - 20 = -4*v, 0*k + 3*k - 2*v = -14. Let j = -19 + 23. Let y(l) = 2 + 0 + 8*l - 5*l + j. What is y(k)?
-6
Let r(q) = -q**3 + 2*q**2 + 2*q + 1. Let l be r(0). Let v(u) be the first derivative of 7/2*u**2 + 0*u + l. Determine v(1).
7
Let l(n) = n + 1. Suppose 6*t = 3*t - 6. Give l(t).
-1
Suppose 2 + 6 = -8*t. Let a(y) = -y. What is a(t)?
1
Let v be (-10 + 2)/1 + 3. Let l(w) = -5*w**2 + 15*w + 25. Let o(p) = p**2 - 4*p - 6. Let a(k) = 2*l(k) + 9*o(k). What is a(v)?
1
Suppose 2*o + 5 = 3*o. Let j(p) be the second derivative of -p**2 + 1/12*p**4 + 0 - 1/20*p**o - 2*p + 0*p**3. What is j(0)?
-2
Let p(v) be the third derivative of -v**4/12 + v**3/2 - 3*v**2. Calculate p(-4).
11
Let q(x) be the first derivative of 2*x**3 - 1/4*x**4 - 1 - 7*x - 2*x**2. What is q(5)?
-2
Suppose 4*m - 2 = -g, -2*m + 11 = 3*g + 5. Let h = -5 + 8. Suppose g*s = 4*o + s + h, 4*s = 3*o - 1. Let u(r) = -6*r**3 + r**2 + r. Calculate u(o).
6
Let b be (-2 + 3)/((-2)/(-4)). Let f(z) be the third derivative of z**5/60 - z**4/24 + 3*z**2. Let c(v) = -v - 1. Let l(g) = c(g) + f(g). Give l(b).
-1
Let z = -19 - -23. Let f(q) = q**3 - 4*q**2 - 4. What is f(z)?
-4
Let g be (-18)/(-3)*1/2. Suppose g*i = -2*c + 2, 5*c = i - 0*c + 5. Let d(u) = u**2. Calculate d(i).
0
Let s(p) = -p**2 - 2 + 5*p - 1 + 2*p**2 + 2. Let k = 1 + -5. Calculate s(k).
-5
Suppose 4*r + 26 = -2*c, -5*c + r - 16 - 5 = 0. Let p(z) = z**2 + 2*z - 6. What is p(c)?
9
Let q(s) = 1 - s - 6*s**2 + s. Suppose 0 = -2*i - 3*u - 17, 2*i + 22 = -4*u - 0. Determine q(i).
-5
Suppose 2*k = 2*m + 15 + 5, k - 36 = 3*m. Let g = -10 - m. Let n(t) = g - 5*t**2 + 0*t - 4 + t**3 + 4*t. Give n(4).
-1
Let w(u) = 2*u**2 + u - 1. Let g be w(1). Let c(v) = -v - v + v**g + 3*v - 2*v. Suppose -4*i - 3*l + 13 = -9, -i + 5*l - 6 = 0. Calculate c(i).
12
Let u(q) be the third derivative of q**4/8 - 5*q**2. Give u(1).
3
Let x(c) = 2*c**2 - 3*c - 3. Let m be (16/(-4))/(8/(-6)). Give x(m).
6
Suppose -5 = -5*m, 5*j = -5*m + m - 31. Let z(n) = -n**3 - 7*n**2 - 3*n - 2. Give z(j).
19
Let p be (-2)/(-10) - 144/45. Let x(k) = -k**3 - 3*k**2 - 4*k - 4. Calculate x(p).
8
Suppose -2*i = -o + 1, -3*o = 2*i - 0*i - 11. Let c(n) = -3*n**2 - 4*n**2 + n**o + n**2 + 4*n. Calculate c(5).
-5
Suppose 2*s - 2 = -8. Let d(w) = -w + 4. Let z(c) = -c + 3. Let i(a) = -3*d(a) + 4*z(a). Calculate i(s).
3
Let a be 9/2*2/3. Let g(t) be the third derivative of t**5/60 - t**4/6 + t**3/2 - 63*t**2 - t. Calculate g(a).
0
Suppose 0 = 4*g + g - 10. Let d(k) = -k + 0*k + g*k + 1. Determine d(-4).
-3
Let m be -19 + 20 + -3*(-4)/(-3). Let v(s) = s**2 + 3*s + 4. Determine v(m).
4
Suppose 5 = y, 6*y - 9 = -d + 3*y. Let j(h) = h**3 + 7*h**2 + 7*h + 5. What is j(d)?
-1
Let b = 83 - 88. Let o(j) = -j**2 - 5*j + 4. Determine o(b).
4
Let p(y) = -2*y - 2. Suppose 4*s - 4 = 4*m, 4*s - m = 4*m + 7. What is p(s)?
2
Suppose 0*u = 4*u. Let q = 6 + -4. Let v(z) = 2*z + 2*z - z**q + u - 1. What is v(5)?
-6
Let a(v) = v**3 + 12*v**2 + 10*v - 9. Let p be a(-11). Let o(f) be the third derivative of -1/8*f**4 + 0 + 0*f - 1/3*f**3 - p*f**2 - 1/60*f**5. Calculate o(-3).
-2
Let i(k) = -k - 2. Let u be i(0). Let d(n) be the first derivative of -n**3/3 - n**2/2 - n - 66. What is d(u)?
-3
Let m(i) = -13*i**2 + 7. Let u(p) be the third derivative of p**5/3 - 5*p**3/3 + p**2. Let f(g) = 7*m(g) + 5*u(g). Let r = 12 - 11. Give f(r).
8
Let b(a) = -a**3 + 6*a**2 - 5*a - 1. Let x = -13 + 28. Let g = 8 + -6. Suppose -5*v = -g*v - x. Calculate b(v).
-1
Suppose -z = -h - 0*h - 2, 0 = h - 2*z - 2. Let g(k) = k**3 + 5*k**2 - 8*k + 2. Determine g(h).
14
Let b(h) = -5*h + h - 5 - h + 6*h - h**3 - 5*h**2. Determine b(-6).
25
Let d = -2 + 2. Let c(s) = s**2 - 12. What is c(d)?
-12
Let i(h) = -h**2. Let w(c) = 5*c**2 + 2*c + 1. Let u(x) = -x + 5. Let d be u(6). Let k(q) = d*w(q) - 6*i(q). Suppose 0 = -p - 3*p - 4. Determine k(p).
2
Let w(r) = 37*r**2 - 8*r**2 - 13*r**2 + 6*r - 17*r**2 - 1. Let v = 1 - -4. Determine w(v).
4
Let a(d) = 5*d - 2. Let c(n) = -n**2 + 7*n - 4. Let r be c(6). What is a(r)?
8
Let k(p) = 9 + 0 - p - 2. Calculate k(5).
2
Let n(z) = z + 1. Suppose 2*l - 5*y = -3*y - 4, -y = 5*l - 8. What is n(l)?
2
Let a = 4 - 2. Let x(g) = -7*g + 0*g**2 + g**3 + 0 + 3*g**2 - 6 + g**a. Let o be (1/(-2))/((-1)/(-10)). Give x(o).
4
Let p(v) = 3*v**3 - 6*v**2 + v - 3. Let b(w) = 4*w**3 - 9*w**2 + w - 5. Let l(k) = -5*b(k) + 7*p(k). Determine l(-3).
-2
Let o(f) = -23*f + 2. Let r(x) = 8*x - 1. Let b(g) = -6*o(g) - 17*r(g). What is b(-5)?
-5
Let s(a) = -2*a + 2. Let n(k) = -k + 1. Let v(j) = 5*n(j) - 2*s(j). Give v(4).
-3
Let t(k) be the third derivative of -k**5/60 + k**4/24 + 7*k**3/6 + 8*k**2. Determine t(0).
7
Let a(x) be the first derivative of -5/2*x**2 + 1/3*x**3 - 5 - x. Determine a(6).
5
Let n(b) be the second derivative of 2*b**3/3 + b. Let p(z) = z**2 - z - 91. Let l be p(-9). Calculate n(l).
-4
Let i(k) = k**3 - 3*k**2 + k + 1. Suppose -4*d + 5*l = -13, 6 = 5*d + 2*l + 2*l. Give i(d).
-1
Let h(j) be the third derivative of -1/120*j**6 + 0 + 2/3*j**3 - 3*j**2 + 0*j + 1/15*j**5 - 1/24*j**4. Determine h(4).
0
Let f = 4 - 2. Let i(y) = -22 - y + 23 - f*y**2 + y**2. Calculate i(-2).
-1
Let h(s) = -6. Let z(y) = -y - 6. Let m(w) = 4*h(w) - 3*z(w). Suppose 2*p - 4 = 4. Determine m(p).
6
Let g(m) = -2*m**2 - 4*m + 3. Suppose -3*l + n = -l - 5, -5*n = 4*l - 3. Give g(l).
-13
Let g be 8/(-40) + 31/5. Let d(h) = h - 6. Calculate d(g).
0
Let n(r) = r**3 - 19*r**2 - 3*r**3 - 1 + r**3 - 2*r + 17*r**2. Determine n(-2).
3
Let a(i) = -6*i + 4. Suppose 3*c + c = 3*y + 5, 4*c + 4 = 0. Give a(y).
22
Let m(c) = 15*c - 4 + 4 - 10*c. What is m(1)?
5
Let d(m) = -4*m**2 + m**3 + 0*m**3 - m + 0*m**2 - 2*m. Determine d(5).
10
Let a(p) = -5*p**2 + 4*p**2 + 5 - 4. Suppose 0 = 2*x - 4*g - 8, 4*x - 3*g = 2*x + 6. Determine a(x).
1
Let x(v) = v + 6. Let w be ((-7)/(-2) - 3)*-12. Give x(w).
0
Let h(n) = -2*n**2 - n - 1. Let o(a) = -a**3 - 18*a**2 + 17*a - 39. Let g be o(-19